 1631 prime?
False
Is 540119 a composite number?
False
Is 75611 prime?
True
Is 8221 composite?
False
Is 3637 a prime number?
True
Is 582143 composite?
True
Is 75593 prime?
False
Is 41843 a composite number?
False
Is 38417 composite?
True
Is 8153 a composite number?
True
Is 131438 prime?
False
Is 7559 a prime number?
True
Is 81997 composite?
True
Is 577457 prime?
True
Is 3624811 a prime number?
True
Is 27629 a prime number?
False
Is 430487 a prime number?
True
Is 29249 composite?
True
Is 10577 a prime number?
False
Is 1358471 a prime number?
True
Is 10807 prime?
False
Is 536093 a composite number?
True
Is 68087 composite?
False
Is 23857 a prime number?
True
Is 928849 prime?
True
Is 1483207 prime?
False
Is 281617 prime?
False
Is 159961 prime?
False
Is 6937 composite?
True
Is 2159 a prime number?
False
Is 110419 prime?
True
Is 43091 prime?
False
Is 26743 composite?
True
Is 6731 a composite number?
True
Is 3265 a prime number?
False
Is 215041 composite?
True
Is 679 a prime number?
False
Is 17707 a composite number?
False
Is 42565 prime?
False
Is 2341949 prime?
False
Is 552047 composite?
False
Is 582895 a prime number?
False
Is 420377 a composite number?
True
Is 39547 a composite number?
True
Is 28789 a prime number?
True
Is 1507513 a composite number?
True
Is 631319 a prime number?
False
Is 919 a prime number?
True
Is 450557 a composite number?
False
Is 445603 prime?
False
Is 13291 a composite number?
False
Is 53983 prime?
False
Is 10265 composite?
True
Is 251323 a composite number?
False
Is 754447 a composite number?
True
Is 288671 a prime number?
False
Is 406027 a composite number?
False
Is 22567 a composite number?
False
Is 172327 prime?
False
Is 225677 a prime number?
False
Is 13513 a composite number?
False
Is 3344533 prime?
False
Is 123337 prime?
False
Is 393643 a composite number?
True
Is 8777 composite?
True
Is 49417 composite?
False
Is 1507 prime?
False
Is 7979 a composite number?
True
Is 964417 a prime number?
True
Is 1923 composite?
True
Is 216547 a composite number?
True
Is 7621 a prime number?
True
Is 12197 prime?
True
Is 983405 a prime number?
False
Is 3681917 a prime number?
True
Is 1507 prime?
False
Is 573509 prime?
True
Is 9413 a composite number?
False
Is 425071 a prime number?
True
Is 23659 prime?
False
Is 982 composite?
True
Is 2149 composite?
True
Is 30887 composite?
True
Is 5987 a prime number?
True
Is 37718 composite?
True
Is 41441 a composite number?
True
Is 1396909 a prime number?
True
Is 698959 composite?
True
Is 40231 prime?
True
Is 12743 composite?
False
Is 50221 composite?
False
Is 906589 a prime number?
True
Is 989 prime?
False
Is 45943 a composite number?
False
Is 3343 prime?
True
Is 101051 a prime number?
True
Is 10391 composite?
False
Is 1037419 a composite number?
True
Is 80557 prime?
True
Is 172105 a prime number?
False
Is 577679 composite?
True
Is 289457 composite?
True
Is 654107 a prime number?
True
Is 326765 composite?
True
Is 27049 prime?
False
Is 201247 a prime number?
True
Is 418903 a composite number?
True
Is 966461 prime?
False
Is 1237703 composite?
True
Is 13643 a prime number?
False
Is 35339 a composite number?
False
Is 47735 composite?
True
Is 495181 a prime number?
True
Is 79318 a prime number?
False
Is 337607 a composite number?
False
Is 4409 prime?
True
Is 228755 a prime number?
False
Is 8147 a prime number?
True
Is 937 a prime number?
True
Is 1067 composite?
True
Is 15121 a prime number?
True
Is 18839 a composite number?
False
Is 115405 prime?
False
Is 60397 composite?
False
Is 6623 a prime number?
False
Is 481 a prime number?
False
Is 194413 composite?
False
Is 31009 prime?
False
Is 26053 a composite number?
False
Is 1272047 a composite number?
True
Is 113207 prime?
False
Is 438761 a composite number?
False
Is 36031 a prime number?
False
Is 123001 a composite number?
False
Is 14738 a composite number?
True
Is 252277 a prime number?
True
Is 3491 a prime number?
True
Is 36083 a prime number?
True
Is 20323 composite?
False
Is 65983 composite?
False
Is 2579 a prime number?
True
Is 17993 a prime number?
False
Is 347 a composite number?
False
Is 45283 composite?
True
Is 2543779 composite?
True
Is 601753 prime?
False
Is 1965103 a prime number?
False
Is 80621 a composite number?
False
Is 10327 a composite number?
True
Is 24781 a composite number?
False
Is 46211 a composite number?
True
Is 11411 prime?
True
Is 189463 composite?
False
Is 1001369 a composite number?
False
Is 28533 composite?
True
Is 7773 a composite number?
True
Is 16711 prime?
False
Is 49727 prime?
True
Is 73999 prime?
True
Is 146639 composite?
False
Is 37 composite?
False
Is 112327 prime?
True
Is 1262 prime?
False
Is 12781 a prime number?
True
Is 9551 a composite number?
False
Is 3691 prime?
True
Is 451967 prime?
True
Is 2129 composite?
False
Is 1673833 prime?
False
Is 10307 a prime number?
False
Is 87853 a composite number?
False
Is 16883 a prime number?
True
Is 42893 a composite number?
True
Is 35587 prime?
False
Is 65677 a prime number?
True
Is 32831 a prime number?
True
Is 7639 a prime number?
True
Is 517451 a prime number?
False
Is 38899 a composite number?
True
Is 98507 composite?
False
Is 25078 composite?
True
Is 967 composite?
False
Is 40693 a prime number?
True
Is 24169 a prime number?
True
Is 140111 prime?
True
Is 38297 composite?
True
Is 51307 composite?
False
Is 4441 a prime number?
True
Is 9505 composite?
True
Is 58547 a composite number?
True
Is 129329 a prime number?
False
Is 13227 a composite number?
True
Is 49253 a composite number?
False
Is 161281 composite?
False
Is 73159 prime?
False
Is 317987 a composite number?
False
Is 12181 a composite number?
True
Is 307641 a composite number?
True
Is 37483 composite?
False
Is 9599 a prime number?
False
Is 409397 a prime number?
True
Is 30341 a composite number?
False
Is 32458 a composite number?
True
Is 334093 composite?
False
Is 2767 a prime number?
True
Is 1163867 a prime number?
False
Is 15349 prime?
True
Is 58739 prime?
False
Is 1730843 composite?
True
Is 711155 prime?
False
Is 118077 a composite number?
True
Is 75053 prime?
False
Is 30931 a composite number?
False
Is 1477 prime?
False
Is 1543 composite?
False
Is 51323 composite?
True
Is 1255 prime?
False
Is 20849 a prime number?
True
Is 17609 prime?
True
Is 2215 a prime number?
False
Is 309 prime?
False
Is 213281 composite?
False
Is 3779 prime?
True
Is 44351 a composite number?
False
Is 2419937 a composite number?
True
Is 16381 composite?
False
Is 5471 prime?
True
Is 8509 a composite number?
True
Is 17729 prime?
True
Is 15578 a prime number?
False
Is 146213 prime?
True
Is 229161 prime?
False
Is 215297 composite?
False
Is 15877 composite?
False
Is 252869 a composite number?
False
Is 111407 prime?
False
Is 491422 a composite number?
True
Is 22879 a prime number?
False
Is 1735 composite?
True
Is 593891 a composite number?
True
Is 1733 prime?
True
Is 1509707 a composite number?
True
Is 16771 prime?
False
Is 1764221 a composite number?
False
Is 82081 composite?
True
Is 337 a composite number?
False
Is 74903 prime?
True
Is 20819 composite?
True
Is 333019 composite?
False
Is 17159 a composite number?
False
Is 102047 a composite number?
True
Is 17383 a prime number?
True
Is 293 a composite number?
False
Is 1333802 a composite number?
True
Is 23113 composite?
True
Is 266909 a composite number?
False
Is 173177 prime?
True
Is 985301 a composite number?
False
Is 3847 prime?
True
Is 249231 prime?
False
Is 66907 a prime number?
False
Is 973 a prime number?
False
Is 3809 a composite number?
True
Is 761717 prime?
False
Is 2320403 composite?
True
Is 55763 a composite number?
False
Is 1709243 prime?
True
Is 32633 a composite number?
False
Is 63521 a composite number?
False
Is 447067 prime?
True
Is 38633 composite?
True
Is 300299 composite?
False
Is 13513 a prime number?
True
Is 2089571 a prime number?
False
Is 26621 composite?
True
Is 83713 composite?
True
Is 1823 prime?
True
Is 248131 composite?
True
Is 1251287 prime?
True
Is 31861 a composite number?
True
Is 1937459 a prime number?
True
Is 2434 prime?
False
Is 2993 a prime number?
False
Is 365107 composite?
False
Is 630787 prime?
False
Is 207643 composite?
False
Is 51043 composite?
False
Is 9627 a prime number?
False
Is 8263 a prime number?
True
Is 20401 a prime number?
False
Is 33247 a